{"id":581,"date":"2023-02-07T21:17:29","date_gmt":"2023-02-07T20:17:29","guid":{"rendered":"https:\/\/foerderverein-stadtbibliothek-fl.de\/?page_id=581"},"modified":"2026-03-30T11:54:40","modified_gmt":"2026-03-30T09:54:40","slug":"literaturkreis","status":"publish","type":"page","link":"https:\/\/foerderverein-stadtbibliothek-fl.de\/index.php\/literaturkreis\/","title":{"rendered":"Literaturkreis"},"content":{"rendered":"\n<div class=\"wp-block-group\"><div class=\"wp-block-group__inner-container is-layout-constrained wp-block-group-is-layout-constrained\">\n<p>Seit Ende Januar 2023 gibt es einen neuen Literaturkreis in Flensburg. Urspr\u00fcnglich in Kooperation zwischen Kunst + Co und dem F\u00f6rderverein, seit Dezember 2023 mit dem SBV, treffen sich aktuell zw\u00f6lf Literaturinteressierte einmal im Monat, um \u00fcber ein zuvor ausgew\u00e4hltes Buch zu sprechen. Die bisherigen B\u00fccher sind unten aufgef\u00fchrt und zeigen die gro\u00dfe Bandbreite unserer Leseinteressen.<\/p>\n<\/div><\/div>\n\n\n\n<div class=\"wp-block-group\"><div class=\"wp-block-group__inner-container is-layout-constrained wp-block-group-is-layout-constrained\">\n<p>Es macht Freude, sich im Kreis mit anderen b\u00fccherbegeisterten Menschen \u00fcber das Gelesene &#8211; manchmal auch kontrovers &#8211; auszutauschen. Als besonderes Thema haben wir uns in einem Monat mit zwei Autorinnen besch\u00e4ftigt: Rahel Varnhagen und George Sand. Und bei jedem Treffen stellt ein\/e Teilnehmer\/in ein besonderes Buch vor, das ihm\/ihr besonders am Herzen liegt. <\/p>\n<\/div><\/div>\n\n\n\n<p>Im folgenden ein \u00dcberblick \u00fcber die bisher gelesenen B\u00fccher:<\/p>\n\n\n\n<p><strong>2023<\/strong><\/p>\n\n\n\n<ul class=\"wp-block-list\">\n<li>Benjamin Myers, Offene See<\/li>\n\n\n\n<li>Bonnie Garmus, Eine Frage der Chemie<\/li>\n\n\n\n<li>Edith Eva Eger, In der H\u00f6lle tanzen<\/li>\n\n\n\n<li>Lars Mytting: Die Glocke im See<\/li>\n\n\n\n<li>Biografien von George Sand und Rahel Varnhagen<\/li>\n\n\n\n<li>Monika Helfer, Die Bagage<\/li>\n\n\n\n<li>Jan Weiler, Der Markisenmann<\/li>\n\n\n\n<li>Mariana Leky, Was man von hieraus sehen kann<\/li>\n\n\n\n<li>Susanne Abel, Stay away from Gretchen<\/li>\n\n\n\n<li>Klaus Modick, Keyserlings Geheimnis<\/li>\n<\/ul>\n\n\n\n<p><strong>2024<\/strong><\/p>\n\n\n\n<ul class=\"wp-block-list\">\n<li>Annie Ernaux, Die Scham<\/li>\n\n\n\n<li>Michela Murgia, Murmelbr\u00fcder. Eine Geschichte aus Sardinien<\/li>\n\n\n\n<li>Ralf Rothmann, Die Nacht unterm Schnee<\/li>\n\n\n\n<li>Heinrich Mann, Der Untertan<\/li>\n\n\n\n<li>Helga B\u00fcrger, Eine andere Zeit<\/li>\n\n\n\n<li>Elizabeth Strout, Mit Blick aufs Meer<\/li>\n\n\n\n<li>Georges Simenon, Maigret und der Mann auf der Bank<\/li>\n\n\n\n<li>Alain Claude Sulzer, Doppelleben<\/li>\n\n\n\n<li>D\u00f6rte Hansen, Zur See<\/li>\n\n\n\n<li>Katja Oskamp, Marzahn mon amour. Geschichte einer Fu\u00dfpflegerin<\/li>\n\n\n\n<li>Benjamin Ferencz, Sag immer die Wahrheit<\/li>\n\n\n\n<li>Verena Egger, Das Priesterkind<\/li>\n<\/ul>\n\n\n\n<p><strong>2025<\/strong><\/p>\n\n\n\n<ul class=\"wp-block-list\">\n<li>Anne Delbee, Der Kuss. Kunst und Leben der Camille Claudel<\/li>\n\n\n\n<li>Joachim Meyerhoff, Ach diese L\u00fccke, diese entsetzliche L\u00fccke<\/li>\n\n\n\n<li>Harper Lee, Wer die Nachtigall st\u00f6rt<\/li>\n\n\n\n<li>Trude Teige, Als Gro\u00dfmutter im Regen tanzte<\/li>\n\n\n\n<li>Hermann Hesse, Ro\u00dfhalde<\/li>\n\n\n\n<li>Siegfried Lenz, Schweigeminute<\/li>\n\n\n\n<li>Gerbrand Bakker, Der Sohn des Friseurs<\/li>\n\n\n\n<li>Daniela Dr\u00f6scher, L\u00fcgen \u00fcber meine Mutter<\/li>\n\n\n\n<li>Bertolt Brecht: Biografie und ausgew\u00e4hlte Werke<\/li>\n\n\n\n<li>Bettina Flitner, Meine Schwester<\/li>\n\n\n\n<li>Hermann Hesse, Unterm Rad<\/li>\n\n\n\n<li>Michail Bulgakow, Das Hundeherz<\/li>\n<\/ul>\n\n\n\n<p><strong>2026<\/strong><\/p>\n\n\n\n<ul class=\"wp-block-list\">\n<li>Herbert Clyde Lewis, Gentleman \u00fcber Bord<\/li>\n\n\n\n<li>Frank Wedekind, Fr\u00fchlings Erwachen<\/li>\n\n\n\n<li>Alex McCarthy, Die Sch\u00f6nheit der Rosalind Bone<\/li>\n\n\n\n<li>Gaea Schoeters, Troph\u00e4e<\/li>\n<\/ul>\n\n\n\n<figure class=\"wp-block-image size-large\"><img loading=\"lazy\" decoding=\"async\" width=\"646\" height=\"1024\" src=\"https:\/\/foerderverein-stadtbibliothek-fl.de\/wp-content\/uploads\/2026\/03\/grafik-1-646x1024.png\" alt=\"\" class=\"wp-image-1980\" srcset=\"https:\/\/foerderverein-stadtbibliothek-fl.de\/wp-content\/uploads\/2026\/03\/grafik-1-646x1024.png 646w, https:\/\/foerderverein-stadtbibliothek-fl.de\/wp-content\/uploads\/2026\/03\/grafik-1-189x300.png 189w, https:\/\/foerderverein-stadtbibliothek-fl.de\/wp-content\/uploads\/2026\/03\/grafik-1-768x1217.png 768w, https:\/\/foerderverein-stadtbibliothek-fl.de\/wp-content\/uploads\/2026\/03\/grafik-1-969x1536.png 969w, https:\/\/foerderverein-stadtbibliothek-fl.de\/wp-content\/uploads\/2026\/03\/grafik-1-316x500.png 316w, https:\/\/foerderverein-stadtbibliothek-fl.de\/wp-content\/uploads\/2026\/03\/grafik-1.png 1262w\" sizes=\"auto, (max-width: 646px) 100vw, 646px\" \/><\/figure>\n","protected":false},"excerpt":{"rendered":"<p>Seit Ende Januar 2023 gibt es einen neuen Literaturkreis in Flensburg. Urspr\u00fcnglich in Kooperation zwischen Kunst + Co und dem F\u00f6rderverein, seit Dezember 2023 mit dem SBV, treffen sich aktuell zw\u00f6lf Literaturinteressierte einmal im Monat, um \u00fcber ein zuvor ausgew\u00e4hltes Buch zu sprechen. Die bisherigen B\u00fccher sind unten aufgef\u00fchrt und zeigen die gro\u00dfe Bandbreite unserer [&hellip;]<\/p>\n","protected":false},"author":1,"featured_media":1299,"parent":0,"menu_order":0,"comment_status":"closed","ping_status":"closed","template":"","meta":{"footnotes":""},"class_list":["post-581","page","type-page","status-publish","has-post-thumbnail","hentry"],"_links":{"self":[{"href":"https:\/\/foerderverein-stadtbibliothek-fl.de\/index.php\/wp-json\/wp\/v2\/pages\/581","targetHints":{"allow":["GET"]}}],"collection":[{"href":"https:\/\/foerderverein-stadtbibliothek-fl.de\/index.php\/wp-json\/wp\/v2\/pages"}],"about":[{"href":"https:\/\/foerderverein-stadtbibliothek-fl.de\/index.php\/wp-json\/wp\/v2\/types\/page"}],"author":[{"embeddable":true,"href":"https:\/\/foerderverein-stadtbibliothek-fl.de\/index.php\/wp-json\/wp\/v2\/users\/1"}],"replies":[{"embeddable":true,"href":"https:\/\/foerderverein-stadtbibliothek-fl.de\/index.php\/wp-json\/wp\/v2\/comments?post=581"}],"version-history":[{"count":46,"href":"https:\/\/foerderverein-stadtbibliothek-fl.de\/index.php\/wp-json\/wp\/v2\/pages\/581\/revisions"}],"predecessor-version":[{"id":1981,"href":"https:\/\/foerderverein-stadtbibliothek-fl.de\/index.php\/wp-json\/wp\/v2\/pages\/581\/revisions\/1981"}],"wp:featuredmedia":[{"embeddable":true,"href":"https:\/\/foerderverein-stadtbibliothek-fl.de\/index.php\/wp-json\/wp\/v2\/media\/1299"}],"wp:attachment":[{"href":"https:\/\/foerderverein-stadtbibliothek-fl.de\/index.php\/wp-json\/wp\/v2\/media?parent=581"}],"curies":[{"name":"wp","href":"https:\/\/api.w.org\/{rel}","templated":true}]}}